. Suppose 0 = a*q - 637 - 598. What is the units digit of q?
7
Suppose -4*v = 2*q + 3*q + 461, 3*v = 3*q + 255. Let y = q + 663. What is the units digit of y?
4
Let l = 32100 + -21690. What is the units digit of l?
0
What is the tens digit of (76*(-12)/32)/((-2)/852)?
4
Let i = -53288 + 144095. What is the ten thousands digit of i?
9
Let i(t) = 8*t**2 - 3*t + 49. Let a be i(-10). Suppose 21 + 27 = 4*k. Suppose 15 = -k*j + a. What is the units digit of j?
2
Let g = 15 - 162. Let y = g - -213. What is the units digit of y*1 + 1 - (-4 + 4)?
7
Let n(m) = m**3 + 15*m**2 + 15*m + 15. Let j be n(-11). Suppose -2411 = -9*p + j. What is the hundreds digit of p?
3
Let b(r) = 4*r**2 - 2*r - 9. Suppose 115 + 15 = -13*f. What is the units digit of b(f)?
1
Suppose -264*f = 196*f - 29206780. What is the units digit of f?
3
What is the hundreds digit of (1463742/(-56))/((-180)/160)?
2
Let n = 9325 - 3175. Suppose 25*o - 10*o - n = 0. What is the tens digit of o?
1
Let b be 32/112 - 2/7. Suppose b = 100*z - 107*z + 2296. What is the tens digit of z?
2
Suppose 0 = -9*g + 4*g - 120. Let d(p) = -4*p + 138. What is the units digit of d(g)?
4
Suppose 0*m + 5*m = 20. Let y be (2 + -47)/(-5) - m. Suppose 0 = 3*n - y*n + 190. What is the tens digit of n?
9
Let x(c) = 114*c**2 + 223*c + 53. What is the thousands digit of x(-11)?
1
Suppose 5*d = 4*r - 51, 2*d = -r + d + 15. Let u be -25 + r + (-5 - -1). What is the units digit of (-3)/(u/(-10)) - -75?
3
Let i(c) = 87 + 18*c**2 - 11*c**2 - 3*c + 12*c - 36. What is the tens digit of i(-7)?
3
What is the ten thousands digit of -3 + 1 - (-19 + 15) - -14616?
1
Let v(o) = -11*o - 132. Let n be v(-12). Suppose -6*a + 7*a - 796 = n. What is the units digit of a?
6
Suppose 2*w - w - 3*a = 343, 5*w + a - 1651 = 0. Suppose 5*n = -0*n - 2*x + w, -266 = -4*n - 2*x. What is the tens digit of n?
6
Suppose 0 = b + 11 - 9. Let p(z) = -11*z**3 - z**2 + z. Let x be p(b). Suppose -152 = -6*j + x. What is the units digit of j?
9
Suppose 5*c = 25 + 10, g + 2*c = 7103. What is the units digit of g?
9
Suppose r = 3*z + 2*r - 108, 15 = -5*r. Suppose 12 = 38*l - z*l. What is the units digit of l?
2
Let l = 3824 - -32660. What is the hundreds digit of l?
4
Suppose -5*b - s + 30 = 0, -2*s + 10 = -0. Suppose 5*l - 2585 = 4*o, 3*o - 2*o = b. What is the hundreds digit of l?
5
Let a(o) = o**3 - 20*o**2 - 502*o + 103. What is the tens digit of a(43)?
4
Suppose -3*c - 5*j + 36910 = 0, -639*c + 644*c = j + 61498. What is the ten thousands digit of c?
1
Let x = 157 - 157. Suppose -4*s - 3*u + 4772 = x, s + 3574 = 4*s + u. What is the tens digit of s?
9
Suppose 0 = 31*a - 5*a - 156. What is the tens digit of (-10 - -7 - (-1 - a)) + 250?
5
Let h(b) = 368*b**3 - 3*b**2 - 5*b + 8. Let g be h(2). Suppose 6*r + 4*r = g. What is the units digit of r?
3
Let p = 1632 - 1116. Suppose -4*a + 1648 = 4*z, -5*a + 5*z + 2616 = p. What is the hundreds digit of a?
4
Let r = 34 + -41. Let o be (-343)/r*(-1 - -3). Suppose -6 = -2*z, -z + 113 + o = 2*c. What is the units digit of c?
4
Let k = -154 + 284. Let f be k/39 + 1/(-3). Suppose 3*q + 0*z - 253 = -4*z, q + f*z = 81. What is the units digit of q?
7
Let o(v) = -v**2 - 4*v + 2. Let j be o(-4). Suppose 78 = -30*a + 31*a. What is the units digit of a - 1/(j/2)*-2?
0
Let t = 47144 - 27765. What is the ten thousands digit of t?
1
Let f(w) = -w**2 - w. Let p be f(3). Let h(i) be the second derivative of i**4/12 + 5*i**3/3 + 27*i**2/2 - 2*i + 19. What is the units digit of h(p)?
1
Let k be ((-1 + 1)/(-4))/2. Suppose -b - 3*b = -28. Suppose b*o - 245 + 84 = k. What is the units digit of o?
3
Suppose 3*k - 4*k + 7 = 3*v, -5*k = 4*v + 9. Suppose -n = -2*p - 3*p - 435, -278 = 3*p - v*n. Let o = 97 + p. What is the tens digit of o?
1
What is the hundreds digit of 4 - -15883 - (-1 + -13)?
9
Suppose 0 = -24*i + 13*i + 13*i - 3266. What is the units digit of i?
3
Suppose -2*v - 2*v = -4*a - 32, 0 = -3*v - 2*a + 19. What is the tens digit of 3097/v + -9 + 603/63?
4
Suppose 81*k - 18847314 = -246*k - 27*k. What is the thousands digit of k?
3
Let u(n) = -n**3 + 6*n**2 + 2*n + 5. Let h be u(3). Let x = h - 174. What is the tens digit of x*(-2 - 3/12*-6)?
6
Suppose -5*z = 10*c - 6*c + 425, -5*c - 520 = -5*z. Let m = 247 + c. Suppose 110 - m = -s. What is the tens digit of s?
3
Suppose 0 = 36*r - 26*r + 4810. Let h = r - -492. What is the units digit of h?
1
Suppose -2*c = -2*v + 29630, -4*v + 5*c = -57937 - 1331. What is the tens digit of v?
0
What is the hundreds digit of (-20590)/(-116)*((-102)/(-3) + 0)?
0
Suppose 7*r = 5*r - 14. Let m = r - -3. What is the tens digit of -3 + ((-152)/m - -3)?
3
Let z be (-96 - -81)/((1 + 0)/(-1)). Suppose 0 = z*x - 52*x + 16354. What is the hundreds digit of x?
4
Let l be (8 + -3)*31*(7 - 51). What is the hundreds digit of 52/(-182) - l/7?
9
What is the ten thousands digit of (-14 + (-139736)/16)*280/(-50)?
4
Let r = 483 - 483. Let v(k) = 69*k + 298. What is the hundreds digit of v(r)?
2
What is the tens digit of -4 - (10/45*-3 + 417756/(-9))?
1
What is the tens digit of 7729 + (8 + 0)/1?
3
Suppose 8*u - 18 - 6 = 0. Let q(s) = s**3 - 2*s**2 - 7*s + 13. Let g be q(u). What is the units digit of 93*(2 - 1) + g?
4
Suppose 12*g - 16350 = 42*g. Let u = 233 - g. What is the hundreds digit of u?
7
Suppose 0 = 3*b - 2*d - 53718, -b + 7*d + 17896 = 8*d. What is the tens digit of b?
0
Let y be 41284/7 + 4/14. What is the tens digit of 3/(-15) - y/(-15)?
9
Let v be 118/14 + (-9)/21. Suppose o - 3*a - 96 = 0, v*o - 4*o + 3*a = 384. What is the units digit of o?
6
Let g = 1205 - 811. Suppose -384*t - 14350 = -g*t. What is the hundreds digit of t?
4
Suppose -10 = -4*x + 2*j, 5*x - 3*x + 5*j = -25. Suppose 3120 = 4*b + 4*g, g + 3888 = -x*b + 5*b. What is the tens digit of b?
7
Let w(l) = l**3 - 3*l**2 - 9*l - 29. Let s be (-256)/(-40) - (-2)/(-10)*2. What is the units digit of w(s)?
5
Let z(d) = -214*d**3 + 6*d**2 + 19*d + 7. What is the hundreds digit of z(-3)?
7
Let y(b) = 12*b**2 - 50*b - 549. What is the thousands digit of y(-14)?
2
Let d = 240 + 2. Suppose 4*m = -2*r + 9*m - 226, -m + 218 = -2*r. Let n = d + r. What is the hundreds digit of n?
1
Let b(s) = -s**3 + 6*s**2 - 4*s - 4. Let g be b(5). Let n(u) = -u - 6 - g + 2*u + 3. What is the units digit of n(7)?
3
Suppose 0 = 2*r + 25 - 3. Let a(o) = -2*o + 3. Let s be a(r). Suppose 7*c - s - 129 = 0. What is the units digit of c?
2
Suppose 34*k - 14*k - 330692 = 271288. What is the tens digit of k?
9
Let g(q) = q**3 - 17*q**2 + 13*q - 17. Let v be g(14). Let z = -303 - v. What is the tens digit of z?
2
Let m(r) = 3*r**2 + 13*r + 1. Let i be m(-4). Let q(t) = -t**2 + t + 12. Let j be q(i). Suppose -2*u + 8 + 12 = j. What is the units digit of u?
0
Let l = -397 - -747. Let y = l - 275. What is the units digit of y?
5
Suppose -3*w + 14247 - 5583 = s, 4*s - 3*w - 34611 = 0. What is the tens digit of s?
5
Suppose 0 = -4*v - 2*l + 1 - 9, v + l = -4. Suppose 339 = -3*q - 3*r + 2010, v = -q + 2*r + 548. What is the hundreds digit of q?
5
Let f(y) = -2*y**2 - 6*y + 4. Let n be f(-6). Suppose j + 265 = 3*r, -81*r + j - 95 = -82*r. Let x = n + r. What is the units digit of x?
8
Suppose 5*d = 4*l + 3469, -2*d - 342*l + 1410 = -338*l. What is the tens digit of d?
9
Let v(o) be the third derivative of 7*o**6/120 - o**5/20 - 142*o**2. Suppose -3*l + 3*n + 3 = 0, 8*l = 3*l - 2*n + 12. What is the tens digit of v(l)?
4
Let v(d) = -d**3 - 85*d**2 - 568*d - 25. What is the units digit of v(-79)?
1
Let m = 6533 + -3532. What is the tens digit of m?
0
Let w(o) = 425*o + 6. Let u be w(-1). Let i = -77 - u. What is the hundreds digit of i?
3
Let b = 31 + -5. Suppose -f + b = -26. Suppose 4*p - f = 388. What is the units digit of p?
0
Suppose i + 5*l = -3*i - 220, 3*l - 132 = 2*i. Suppose 8*a = 857 - 185. Let u = a + i. What is the units digit of u?
4
Let z(a) = 87*a - 15. Let t = 66 - 61. What is the units digit of z(t)?
0
Let q be (-162)/(-4)*(-414)/23. Let l = q - -1055. What is the tens digit of l?
2
Let j(a) = -a**3 - 14*a**2 + a + 1. Let l(y) = 6*y**3 + 71*y**2 - 4*y - 5. Let v(m) = -11*j(m) - 2*l(m). What is the units digit of v(11)?
7
Suppose 33*z - 38*z - 355 = 0. Let f = z - -87. What is the tens digit of (696/f)/((-2)/(-4))?
8
Let p = 17 + -23. Let t = 4 + p. What is th